29841055?
False
Is 158 a factor of 26538154?
True
Is 4079000838 a multiple of 1697?
True
Is 61237071 a multiple of 39?
False
Is 237 a factor of 29053476?
False
Does 2307 divide 130243992?
True
Is 3201781 a multiple of 121?
True
Does 31 divide 521234?
True
Is 13 a factor of 61098804?
True
Is 460158912 a multiple of 49?
False
Is 368 a factor of 112571942?
False
Is 2264 a factor of 402788240?
True
Is 103 a factor of 669753141?
False
Does 17 divide 4657774791?
False
Does 21 divide 111898620?
False
Is 38 a factor of 75248813?
False
Does 3930 divide 328445820?
True
Is 576615385 a multiple of 59?
False
Is 13 a factor of 282624634?
False
Is 91990500 a multiple of 150?
True
Is 1579 a factor of 365754970?
False
Does 260 divide 78282?
False
Is 1467 a factor of 188224902?
True
Is 1716 a factor of 619688784?
True
Is 30051089 a multiple of 1044?
False
Is 255818552 even?
True
Is 128949925 a multiple of 15?
False
Is 280996867 a multiple of 915?
False
Is 24 a factor of 3342591576?
True
Is 31 a factor of 65157195?
True
Is 446 a factor of 278713132?
False
Is 96 a factor of 4798971744?
True
Is 951 a factor of 609558592?
False
Is 15 a factor of 1314589870?
False
Is 301 a factor of 76055049?
False
Does 81 divide 3309185?
False
Is 87 a factor of 312180708?
True
Is 1164547 a multiple of 511?
False
Is 96365160 a multiple of 60?
True
Is 36 a factor of 606736152?
True
Is 13013 a factor of 24919895?
True
Is 146930617 a multiple of 519?
False
Is 759 a factor of 33956901?
True
Does 2088 divide 222693552?
True
Is 836045353 a multiple of 8380?
False
Is 9128880 a multiple of 72?
True
Does 41 divide 3665851?
True
Does 200 divide 32666200?
True
Does 643 divide 489835170?
False
Is 11225758 a multiple of 28?
False
Is 42 a factor of 56465262?
True
Is 821868621 a multiple of 21?
True
Is 44 a factor of 39953001?
False
Does 1374 divide 375872814?
True
Does 482 divide 8878922?
True
Does 11116 divide 1856694364?
True
Is 898 a factor of 302839754?
False
Is 15 a factor of 1712391886?
False
Does 292 divide 3491188?
False
Is 3362245380 a multiple of 442?
True
Is 376427470 a multiple of 347?
False
Does 18 divide 15770696?
False
Is 13 a factor of 63465480?
True
Is 1869554124 a multiple of 18?
True
Is 12408000 a multiple of 275?
True
Does 791 divide 514974222?
True
Is 6 a factor of 8755757?
False
Is 1603 a factor of 263545517?
False
Is 7361 a factor of 1427054987?
True
Is 22 a factor of 2846694558?
False
Does 1406 divide 129952362?
True
Is 86145547 a multiple of 719?
True
Does 14 divide 115514?
True
Is 9 a factor of 12631097?
False
Is 573298145 a multiple of 43?
True
Is 11601711 a multiple of 99?
True
Is 488577356 a multiple of 61?
False
Is 357 a factor of 1201120133?
False
Is 163354638 a multiple of 29?
False
Is 19441316 a multiple of 233?
False
Is 513005232 a multiple of 2555?
False
Does 154 divide 53924770?
False
Is 117819444 a multiple of 466?
False
Does 219 divide 366900525?
False
Does 72 divide 270464757?
False
Does 4643 divide 1916549942?
False
Is 4471482544 a multiple of 170?
False
Is 45 a factor of 5220184?
False
Does 45 divide 176257050?
False
Does 171 divide 309879758?
False
Does 4 divide 10467585?
False
Is 36383595 a multiple of 269?
True
Is 23044346 a multiple of 26?
True
Is 302 a factor of 21616556?
True
Is 539 a factor of 23167283?
False
Does 394 divide 17572998?
False
Is 254607359 a multiple of 353?
False
Is 432239960 a multiple of 136?
True
Is 75 a factor of 2488921036?
False
Is 27521315 a multiple of 23?
False
Is 928 a factor of 2028711489?
False
Is 810 a factor of 23163570?
True
Is 15691456 a multiple of 248?
True
Is 2568195 a multiple of 105?
True
Does 53 divide 161938426?
True
Does 783 divide 65445096?
False
Is 18 a factor of 5958378346?
False
Is 29 a factor of 85956928?
True
Does 316 divide 51142684?
False
Is 1392 a factor of 1336452791?
False
Is 78552712 a multiple of 599?
False
Is 26 a factor of 76474722?
False
Is 24 a factor of 83430528?
True
Is 262270626 a multiple of 3?
True
Does 11 divide 1172900619?
True
Is 45 a factor of 37917696?
False
Does 2228 divide 38240383?
False
Does 1165 divide 123424760?
True
Is 77052132 a multiple of 3?
True
Does 23 divide 123230619?
True
Is 39 a factor of 24386700?
True
Is 2792 a factor of 367935011?
False
Does 795 divide 171072654?
False
Is 219474420 a multiple of 62?
True
Is 60 a factor of 2998325760?
True
Does 1034 divide 57567950?
True
Is 28 a factor of 4935109284?
True
Is 7351470 a multiple of 245?
True
Is 509 a factor of 36783903?
True
Is 15891894 a multiple of 6?
True
Does 79 divide 106793918?
False
Is 277226663 a multiple of 47?
False
Is 168025344 a multiple of 1175?
False
Is 1210066621 a multiple of 79?
True
Is 23 a factor of 38472780?
False
Is 39 a factor of 1545570?
True
Is 12 a factor of 358184556?
True
Is 3229320717 a multiple of 567?
True
Is 16801921 a multiple of 6?
False
Is 481 a factor of 261147887?
True
Does 25 divide 106560775?
True
Does 89 divide 221923992?
True
Does 251 divide 47981238?
False
Does 37 divide 230683701?
False
Does 813 divide 263044920?
False
Does 22 divide 3221192172?
True
Is 38 a factor of 39652648?
False
Is 42 a factor of 151860870?
True
Is 276856294 a multiple of 737?
False
Is 47692603 a multiple of 19?
True
Is 3308725 a multiple of 163?
False
Is 1501763172 a multiple of 7?
True
Is 1235202006 a multiple of 186?
True
Does 29 divide 88109880?
False
Is 29759688 a multiple of 2466?
True
Is 12329007 a multiple of 53?
False
Is 71 a factor of 28134034?
True
Is 27117054 a multiple of 52?
False
Is 25639632 a multiple of 108?
True
Does 700 divide 676030600?
True
Does 352 divide 24380576?
True
Does 500 divide 1314702648?
False
Is 1378740013 a multiple of 7?
True
Does 19 divide 981221788?
True
Is 50116896 a multiple of 46?
False
Does 1402 divide 12514375?
False
Is 326 a factor of 44195820?
True
Does 2963 divide 34767842?
True
Is 3091271912 a multiple of 60?
False
Is 38660805 a multiple of 112?
False
Is 7618205 a multiple of 307?
True
Does 3 divide 148060334?
False
Is 277200083 a multiple of 256?
False
Does 13 divide 44895474?
True
Is 14 a factor of 258476386?
True
Is 105 a factor of 85878835?
False
Is 9 a factor of 41036517?
True
Is 90454596 a multiple of 348?
True
Is 15 a factor of 1338637282?
False
Does 33 divide 2845630773?
False
Is 87140084 a multiple of 208?
False
Is 88 a factor of 27737368?
False
Is 3261 a factor of 43762620?
True
Is 105173999 a multiple of 2340?
False
Is 384672095 a multiple of 78?
False
Is 671 a factor of 623467031?
True
Does 541 divide 7946749?
True
Is 4517376 a multiple of 5?
False
Is 7141465 a multiple of 873?
False
Is 302 a factor of 6250740130?
True
Is 136 a factor of 130461672?
True
Does 270 divide 19621060?
False
Is 7156163 a multiple of 294?
False
Does 814 divide 2465033397?
False
Does 68 divide 12810248?
True
Does 155 divide 10142371?
False
Is 35603268 a multiple of 146?
True
Is 39387183 a multiple of 677?
True
Does 12 divide 52743872?
False
Is 602 a factor of 162927688?
True
Is 2497 a factor of 1058548263?
False
Is 2 a factor of 9914188?
True
Does 3330 divide 205608554?
False
Is 2 a factor of 139496259?
False
Is 2245 a factor of 71555305?
False
Is 1994406541 a multiple of 18?
False
Is 729 a factor of 2179298?
False
Is 73 a factor of 26087459?
False
Is 110142408 a multiple of 628?
True
Does 2393 divide 1075914337?
True
Is 29 a factor of 114301380?
False
Does 759 divide 2664764714?
False
Is 6642044 a multiple of 10?
False
Is 657194472 a multiple of 3212?
True
Is 99 a factor of 437519115?
True
Is 29 a factor of 14905159?
True
Is 21266735 a multiple of 922?
False
Is 2719504940 a multiple of 694?
False
Is 447 a factor of 844776010?
False
Is 127 a factor of 396788896?
False
Does 12462 divide 929590428?
True
Is 1940 a factor of 30921660?
True
Is 3492 a factor of 2815788168?
True
Is 405 a factor of 33110775?
True
Is 22 a factor of 376969612?
False
Is 233 a factor of 517406790?
True
Is 3740 a factor of 132001769?
False
Is 8 a factor of 24225050?
False
Is 5204037 a multiple of 386?
False
Is 3984 a factor of 1129679136?
True
Is 144 a factor of 26566053?
False
Is 450871133 a multiple of 483?
False
Does 4444 divide 2002821920?
True
Is 21001023 a multiple of 1719?
True
Does 13 divide 206274387?
False
Does 1090 divide 305329710?
True
Is 5 a factor of 57838812?
False
Is 41378650 a mult